{"id":93,"date":"2025-06-30T21:42:08","date_gmt":"2025-06-30T19:42:08","guid":{"rendered":"https:\/\/heleneastwoodyoga.com\/?page_id=93"},"modified":"2026-03-20T16:33:04","modified_gmt":"2026-03-20T15:33:04","slug":"cours","status":"publish","type":"page","link":"http:\/\/heleneastwoodyoga.com\/index.php\/cours\/","title":{"rendered":"Cours de Yoga"},"content":{"rendered":"\n<div class=\"wp-block-cover alignfull is-light has-contrast-color has-text-color has-link-color wp-elements-67041f08c735a650badefc606405587f\" style=\"margin-top:0;margin-bottom:0;padding-top:var(--wp--preset--spacing--60);padding-right:var(--wp--preset--spacing--50);padding-bottom:var(--wp--preset--spacing--60);padding-left:var(--wp--preset--spacing--50)\"><span aria-hidden=\"true\" class=\"wp-block-cover__background has-base-background-color has-background-dim-100 has-background-dim\"><\/span><div class=\"wp-block-cover__inner-container has-global-padding is-layout-constrained wp-container-core-cover-is-layout-873ee6b1 wp-block-cover-is-layout-constrained\">\n<div class=\"wp-block-columns alignwide is-layout-flex wp-container-core-columns-is-layout-7ee84d44 wp-block-columns-is-layout-flex\">\n<div class=\"wp-block-column is-layout-flow wp-block-column-is-layout-flow\" style=\"flex-basis:65%\">\n<div class=\"wp-block-group is-vertical is-content-justification-stretch is-layout-flex wp-container-core-group-is-layout-d275371d wp-block-group-is-layout-flex\">\n<h2 class=\"wp-block-heading has-text-align-left\" style=\"font-size:clamp(3.946rem, 3.946rem + ((1vw - 0.2rem) * 6.987), 8.4rem);font-style:normal;font-weight:300;letter-spacing:-0.03em;line-height:1.4\">au Shala,<\/h2>\n\n\n\n<p class=\"has-text-align-left has-x-large-font-size\"><mark style=\"background-color:rgba(0, 0, 0, 0)\" class=\"has-inline-color has-custom-color-3-color\">\u092f\u094b\u0917<\/mark><\/p>\n\n\n\n<p class=\"has-medium-font-size\">Tu trouveras <a href=\"https:\/\/www.momoyoga.com\/heleneastwoodyoga\/schedule\" target=\"_blank\" rel=\"noreferrer noopener\"><mark style=\"background-color:rgba(0, 0, 0, 0)\" class=\"has-inline-color has-custom-color-3-color\"><strong>ICI la plateforme de r\u00e9servation de mes cours<\/strong><\/mark><\/a> avec tarifs et adresse du <strong>Shala33 \u00e0 Montreuil<\/strong>. Il est conseill\u00e9 de t&rsquo;inscrire pour participer aux s\u00e9ances de ton choix ! Planning soumis \u00e0 modification, v\u00e9rifie la tenue des cours sur <a href=\"https:\/\/www.momoyoga.com\/heleneastwoodyoga\/schedule\" target=\"_blank\" rel=\"noreferrer noopener\"><mark style=\"background-color:rgba(0, 0, 0, 0)\" class=\"has-inline-color has-custom-color-3-color\"><strong>Momoyoga<\/strong><\/mark><\/a>.<\/p>\n\n\n\n<figure class=\"wp-block-table has-small-font-size\"><table class=\"has-fixed-layout\"><thead><tr><th>Jour<\/th><th>Heure<\/th><th>Cours<\/th><th>Niveau<\/th><\/tr><\/thead><tbody><tr><td><strong>Lundi<\/strong><\/td><td>12h00-14h00<\/td><td>\u2605 <em><mark style=\"background-color:rgba(0, 0, 0, 0)\" class=\"has-inline-color has-custom-color-3-color\">A\u1e63\u1e6d\u0101\u1e45ga Libre<\/mark><\/em><\/td><td>Tous niveaux<\/td><\/tr><tr><td><\/td><td>19h00-20h30<\/td><td>\u2605 <em><mark style=\"background-color:rgba(0, 0, 0, 0)\" class=\"has-inline-color has-custom-color-3-color\">Slow Flow Yin<\/mark><\/em>  (bin\u00f4me avec Madda DeVio)<\/td><td>Tous niveaux<\/td><\/tr><tr><td><strong>Jeudi<\/strong><\/td><td>19h00-20h30<\/td><td>\u2605 <em><mark style=\"background-color:rgba(0, 0, 0, 0)\" class=\"has-inline-color has-custom-color-3-color\">A\u1e63\u1e6d\u0101\u1e45ga Play<\/mark><\/em><\/td><td>Tous niveaux<\/td><\/tr><tr><td><strong>Vendredi<\/strong><\/td><td>12h30-13h45<\/td><td>\u2605 <em><mark style=\"background-color:rgba(0, 0, 0, 0)\" class=\"has-inline-color has-custom-color-3-color\">Strong Flow Yoga<\/mark><\/em><\/td><td>Niveau 1\/2<\/td><\/tr><tr><td><strong>Samedi<\/strong><\/td><td>09h30-11h30<\/td><td>\u2605 <em><mark style=\"background-color:rgba(0, 0, 0, 0)\" class=\"has-inline-color has-custom-color-3-color\">A\u1e63\u1e6d\u0101\u1e45ga Libre <\/mark><\/em><\/td><td>Tous niveaux<\/td><\/tr><tr><td><strong>Dimanche<\/strong><\/td><td>10h00-12h00<\/td><td>\u2605 <em><mark style=\"background-color:rgba(0, 0, 0, 0)\" class=\"has-inline-color has-custom-color-3-color\">A\u1e63\u1e6d\u0101\u1e45ga Explore<\/mark><\/em><\/td><td>1\/2 \u00e0 avanc\u00e9<\/td><\/tr><\/tbody><\/table><\/figure>\n\n\n\n<p class=\"has-medium-font-size\"><em>(Et aussi ou sinon, tu peux pratiquer en ligne avec moi sur ma <a href=\"https:\/\/heleneastwoodyoga.com\/index.php\/coursonline\/\"><strong>Vid\u00e9oth\u00e8que Home Practice With Helen<\/strong><\/a> !)<\/em><\/p>\n\n\n\n<p class=\"has-medium-font-size\">Je propose un accompagnement en <strong>yoga<\/strong> ancr\u00e9 dans <strong>la tradition A\u1e63\u1e6d\u0101\u1e45ga Viny\u0101sa<\/strong>, tout en \u00e9tant nourri par des <strong>approches somatiques, m\u00e9ditatives et cr\u00e9atives<\/strong>. Mon enseignement s\u2019adresse \u00e0 une grande diversit\u00e9 de pratiquant\u00b7es, de tous niveaux, en favorisant l\u2019\u00e9coute, l\u2019autonomie et la qualit\u00e9 de pr\u00e9sence. Ce que je partage est le fruit de ma propre exp\u00e9rience sur le tapis depuis plus de 15 ans, et la transmission est pour moi une extension vivante, empirique et authentique de mon chemin personnel.<\/p>\n\n\n\n<hr class=\"wp-block-separator has-alpha-channel-opacity\"\/>\n\n\n\n<p class=\"has-medium-font-size\"><mark style=\"background-color:rgba(0, 0, 0, 0)\" class=\"has-inline-color has-custom-color-1-color\">\u2605<\/mark><mark style=\"background-color:rgba(0, 0, 0, 0)\" class=\"has-inline-color has-custom-color-3-color\"><strong><span style=\"text-decoration: underline;\">A\u1e63\u1e6d\u0101\u1e45ga Libre<\/span> &#8211; Tous Niveaux<\/strong><\/mark> (lundi 12h et samedi 9h30)<br><strong>Pratique dynamique et en autonomie<\/strong> bas\u00e9e sur la tradition A\u1e63\u1e6d\u0101\u1e45ga Mysore, o\u00f9 chacun\u00b7e \u00e9volue \u00e0 son rythme dans un espace collectif. Cette approche individuelle permet d\u2019int\u00e9grer ajustements, supports et variations adapt\u00e9es \u00e0 votre corps, votre respiration et votre \u00e9nergie du jour. Un accompagnement bienveillant qui favorise ind\u00e9pendance, rigueur et connexion int\u00e9rieure, tout en laissant une place subtile \u00e0 la personnalisation et \u00e0 l\u2019exploration consciente.<\/p>\n\n\n\n<p class=\"has-medium-font-size\"><mark style=\"background-color:rgba(0, 0, 0, 0)\" class=\"has-inline-color has-custom-color-1-color\">\u2605<\/mark><mark style=\"background-color:rgba(0, 0, 0, 0)\" class=\"has-inline-color has-custom-color-3-color\"><strong><span style=\"text-decoration: underline;\">A\u1e63\u1e6d\u0101\u1e45ga Play<\/span> &#8211; Tous Niveaux<\/strong><\/mark> (jeudi 19h)<br><strong>Pratique dynamique guid\u00e9e et collective<\/strong>, bas\u00e9e sur la synchronisation souffle-mouvement et les outils traditionnels de la m\u00e9thode A\u1e63\u1e6d\u0101\u1e45ga Viny\u0101sa Yoga. Nous suivons le fil de la premi\u00e8re s\u00e9rie tout en ouvrant des espaces \u201chors piste\u201d pour explorer de mani\u00e8re cr\u00e9ative et joyeuse quelques extraits de la deuxi\u00e8me s\u00e9rie. Focus sur la respiration, la fluidit\u00e9, l\u2019alignement et des variantes adapt\u00e9es \u00e0 toustes pour une pratique intelligente, consciente et vivante.<\/p>\n\n\n\n<p class=\"has-medium-font-size\"><mark style=\"background-color:rgba(0, 0, 0, 0)\" class=\"has-inline-color has-custom-color-1-color\">\u2605<\/mark><mark style=\"background-color:rgba(0, 0, 0, 0)\" class=\"has-inline-color has-custom-color-3-color\"> <strong><span style=\"text-decoration: underline;\">Slow Flow Yin<\/span> &#8211; Tous Niveaux<\/strong><\/mark> (lundi 19h &#8211; en bin\u00f4me avec Maddalena DeVio )<br><strong>Pratique douce guid\u00e9e et collective<\/strong>, un espace du soir pour d\u00e9poser, d\u00e9lier et r\u00e9g\u00e9n\u00e9rer. M\u00ealant flow introspectif et postures de yin yoga, cette s\u00e9ance est une invitation \u00e0 rel\u00e2cher les tensions, combinant respiration, visualisation et lenteur pour apaiser le mental, restaurer l\u2019\u00e9nergie et s\u2019ancrer avant la nuit.<\/p>\n\n\n\n<p class=\"has-medium-font-size\"><mark style=\"background-color:rgba(0, 0, 0, 0)\" class=\"has-inline-color has-custom-color-1-color\">\u2605<\/mark><mark style=\"background-color:rgba(0, 0, 0, 0)\" class=\"has-inline-color has-custom-color-3-color\"> <strong><span style=\"text-decoration: underline;\">Strong Flow Yoga<\/span> &#8211; Niveau Interm\u00e9diaire<\/strong><\/mark> (vendredi 12h30)<br><strong>Pratique dynamique guid\u00e9e et collective<\/strong>, une s\u00e9ance progressive et puissante, inspir\u00e9e du Viny\u0101sa Krama, pour renforcer le corps, stabiliser le mental et affiner la conscience corporelle. L\u2019accent est mis sur l\u2019activation du centre, l&rsquo;engagement musculaire pr\u00e9cis et l\u2019ancrage soutenu par le souffle. Travail compl\u00e9mentaire de pr\u0101\u1e47\u0101y\u0101ma selon les cycles lunaires.<\/p>\n\n\n\n<p class=\"has-medium-font-size\"><mark style=\"background-color:rgba(0, 0, 0, 0)\" class=\"has-inline-color has-custom-color-1-color\">\u2605<\/mark><mark style=\"background-color:rgba(0, 0, 0, 0)\" class=\"has-inline-color has-custom-color-3-color\"> <strong><span style=\"text-decoration: underline;\">A\u1e63\u1e6d\u0101\u1e45ga Explore<\/span> &#8211; Niveau Interm\u00e9diaire \u00e0 Avanc\u00e9<\/strong><\/mark> (dimanche 10h)<br><strong>Pratique dynamique guid\u00e9e et collective de la premi\u00e8re s\u00e9rie compl\u00e8te ou mix 1\u02b3\u1d49\/2\u1d49 s\u00e9rie A\u1e63\u1e6d\u0101\u1e45ga Yoga<\/strong>, compt\u00e9e en sanskrit. Un cours rythm\u00e9 et pr\u00e9cis, centr\u00e9 sur le souffle ujj\u0101y\u012b, les bandhas, le dr\u0325\u1e63\u1e6di et l&rsquo;encha\u00eenement traditionnel des Viny\u0101sa. Cours pour pratiquant\u00b7es confirm\u00e9\u00b7es.<\/p>\n\n\n\n<hr class=\"wp-block-separator has-alpha-channel-opacity\"\/>\n\n\n\n<p class=\"has-medium-font-size\"><strong><mark style=\"background-color:rgba(0, 0, 0, 0)\" class=\"has-inline-color has-custom-color-1-color\">\u2726<\/mark><\/strong><mark style=\"background-color:rgba(0, 0, 0, 0)\" class=\"has-inline-color has-custom-color-3-color\"> <strong><span style=\"text-decoration: underline;\">Cours Particuliers<\/span><\/strong><\/mark><\/p>\n\n\n\n<p class=\"has-medium-font-size\">Tu souhaites <strong>un accompagnement personnalis\u00e9<\/strong>, \u00e0 ton rythme et selon tes besoins ? Je propose des cours particuliers, <strong>en pr\u00e9sentiel ou en ligne<\/strong>, pour explorer <strong>une pratique sur mesure<\/strong>\u202f: postures, souffle, relaxation, approche th\u00e9rapeutique, reprise apr\u00e8s une pause, mais aussi initiation au sanskrit, chant de mantra ou rituels quotidiens. Tu peux <a href=\"https:\/\/heleneastwoodyoga.com\/index.php\/contact\/\" data-type=\"page\" data-id=\"45\">me contacter directement ici<\/a> pour poser tes questions ou \u00e9voquer ce que tu recherches.<\/p>\n\n\n\n<p class=\"has-small-font-size\"><em>Photo @ Alessandro Clemenza<\/em><\/p>\n<\/div>\n<\/div>\n\n\n\n<div class=\"wp-block-column is-layout-flow wp-block-column-is-layout-flow\" style=\"flex-basis:35%\">\n<div class=\"wp-block-group is-vertical is-content-justification-stretch is-nowrap is-layout-flex wp-container-core-group-is-layout-73b0033c wp-block-group-is-layout-flex\">\n<figure class=\"wp-block-image size-full\"><img loading=\"lazy\" decoding=\"async\" width=\"1707\" height=\"2560\" src=\"http:\/\/heleneastwoodyoga.com\/wp-content\/uploads\/2025\/06\/IMG_20210728_165651-scaled.jpg\" alt=\"\" class=\"wp-image-94\" style=\"aspect-ratio:3\/4;object-fit:cover\" srcset=\"http:\/\/heleneastwoodyoga.com\/wp-content\/uploads\/2025\/06\/IMG_20210728_165651-scaled.jpg 1707w, http:\/\/heleneastwoodyoga.com\/wp-content\/uploads\/2025\/06\/IMG_20210728_165651-200x300.jpg 200w, http:\/\/heleneastwoodyoga.com\/wp-content\/uploads\/2025\/06\/IMG_20210728_165651-683x1024.jpg 683w, http:\/\/heleneastwoodyoga.com\/wp-content\/uploads\/2025\/06\/IMG_20210728_165651-768x1152.jpg 768w, http:\/\/heleneastwoodyoga.com\/wp-content\/uploads\/2025\/06\/IMG_20210728_165651-1024x1536.jpg 1024w, http:\/\/heleneastwoodyoga.com\/wp-content\/uploads\/2025\/06\/IMG_20210728_165651-1365x2048.jpg 1365w\" sizes=\"auto, (max-width: 1707px) 100vw, 1707px\" \/><\/figure>\n\n\n\n<p class=\"has-text-align-right has-x-large-font-size\" style=\"line-height:1.2\"><a href=\"https:\/\/www.momoyoga.com\/heleneastwoodyoga\/schedule\" target=\"_blank\" rel=\"noreferrer noopener\">Momoyoga<\/a><\/p>\n<\/div>\n<\/div>\n<\/div>\n<\/div><\/div>\n","protected":false},"excerpt":{"rendered":"","protected":false},"author":2,"featured_media":0,"parent":0,"menu_order":0,"comment_status":"closed","ping_status":"closed","template":"","meta":{"footnotes":""},"class_list":["post-93","page","type-page","status-publish","hentry"],"_links":{"self":[{"href":"http:\/\/heleneastwoodyoga.com\/index.php\/wp-json\/wp\/v2\/pages\/93","targetHints":{"allow":["GET"]}}],"collection":[{"href":"http:\/\/heleneastwoodyoga.com\/index.php\/wp-json\/wp\/v2\/pages"}],"about":[{"href":"http:\/\/heleneastwoodyoga.com\/index.php\/wp-json\/wp\/v2\/types\/page"}],"author":[{"embeddable":true,"href":"http:\/\/heleneastwoodyoga.com\/index.php\/wp-json\/wp\/v2\/users\/2"}],"replies":[{"embeddable":true,"href":"http:\/\/heleneastwoodyoga.com\/index.php\/wp-json\/wp\/v2\/comments?post=93"}],"version-history":[{"count":47,"href":"http:\/\/heleneastwoodyoga.com\/index.php\/wp-json\/wp\/v2\/pages\/93\/revisions"}],"predecessor-version":[{"id":613,"href":"http:\/\/heleneastwoodyoga.com\/index.php\/wp-json\/wp\/v2\/pages\/93\/revisions\/613"}],"wp:attachment":[{"href":"http:\/\/heleneastwoodyoga.com\/index.php\/wp-json\/wp\/v2\/media?parent=93"}],"curies":[{"name":"wp","href":"https:\/\/api.w.org\/{rel}","templated":true}]}}

<div class="wp-block-cover alignfull is-light has-contrast-color has-text-color has-link-color wp-elements-67041f08c735a650badefc606405587f" style="margin-top:0;margin-bottom:0;padding-top:var(--wp--preset--spacing--60);padding-right:var(--wp--preset--spacing--50);padding-bottom:var(--wp--preset--spacing--60);padding-left:var(--wp--preset--spacing--50)"><span aria-hidden="true" class="wp-block-cover__background has-base-background-color has-background-dim-100 has-background-dim"></span><div class="wp-block-cover__inner-container has-global-padding is-layout-constrained wp-container-core-cover-is-layout-873ee6b1 wp-block-cover-is-layout-constrained">
<div class="wp-block-columns alignwide is-layout-flex wp-container-core-columns-is-layout-7ee84d44 wp-block-columns-is-layout-flex">
<div class="wp-block-column is-layout-flow wp-block-column-is-layout-flow" style="flex-basis:65%">
<div class="wp-block-group is-vertical is-content-justification-stretch is-layout-flex wp-container-core-group-is-layout-d275371d wp-block-group-is-layout-flex">
<h2 class="wp-block-heading has-text-align-left" style="font-size:clamp(3.946rem, 3.946rem + ((1vw - 0.2rem) * 6.987), 8.4rem);font-style:normal;font-weight:300;letter-spacing:-0.03em;line-height:1.4">au Shala,</h2>



<p class="has-text-align-left has-x-large-font-size"><mark style="background-color:rgba(0, 0, 0, 0)" class="has-inline-color has-custom-color-3-color">योग</mark></p>



<p class="has-medium-font-size">Tu trouveras <a href="https://www.momoyoga.com/heleneastwoodyoga/schedule" target="_blank" rel="noreferrer noopener"><mark style="background-color:rgba(0, 0, 0, 0)" class="has-inline-color has-custom-color-3-color"><strong>ICI la plateforme de réservation de mes cours</strong></mark></a> avec tarifs et adresse du <strong>Shala33 à Montreuil</strong>. Il est conseillé de t&rsquo;inscrire pour participer aux séances de ton choix ! Planning soumis à modification, vérifie la tenue des cours sur <a href="https://www.momoyoga.com/heleneastwoodyoga/schedule" target="_blank" rel="noreferrer noopener"><mark style="background-color:rgba(0, 0, 0, 0)" class="has-inline-color has-custom-color-3-color"><strong>Momoyoga</strong></mark></a>.</p>



<figure class="wp-block-table has-small-font-size"><table class="has-fixed-layout"><thead><tr><th>Jour</th><th>Heure</th><th>Cours</th><th>Niveau</th></tr></thead><tbody><tr><td><strong>Lundi</strong></td><td>12h00-14h00</td><td>★ <em><mark style="background-color:rgba(0, 0, 0, 0)" class="has-inline-color has-custom-color-3-color">Aṣṭāṅga Libre</mark></em></td><td>Tous niveaux</td></tr><tr><td></td><td>19h00-20h30</td><td>★ <em><mark style="background-color:rgba(0, 0, 0, 0)" class="has-inline-color has-custom-color-3-color">Slow Flow Yin</mark></em>  (binôme avec Madda DeVio)</td><td>Tous niveaux</td></tr><tr><td><strong>Jeudi</strong></td><td>19h00-20h30</td><td>★ <em><mark style="background-color:rgba(0, 0, 0, 0)" class="has-inline-color has-custom-color-3-color">Aṣṭāṅga Play</mark></em></td><td>Tous niveaux</td></tr><tr><td><strong>Vendredi</strong></td><td>12h30-13h45</td><td>★ <em><mark style="background-color:rgba(0, 0, 0, 0)" class="has-inline-color has-custom-color-3-color">Strong Flow Yoga</mark></em></td><td>Niveau 1/2</td></tr><tr><td><strong>Samedi</strong></td><td>09h30-11h30</td><td>★ <em><mark style="background-color:rgba(0, 0, 0, 0)" class="has-inline-color has-custom-color-3-color">Aṣṭāṅga Libre </mark></em></td><td>Tous niveaux</td></tr><tr><td><strong>Dimanche</strong></td><td>10h00-12h00</td><td>★ <em><mark style="background-color:rgba(0, 0, 0, 0)" class="has-inline-color has-custom-color-3-color">Aṣṭāṅga Explore</mark></em></td><td>1/2 à avancé</td></tr></tbody></table></figure>



<p class="has-medium-font-size"><em>(Et aussi ou sinon, tu peux pratiquer en ligne avec moi sur ma <a href="https://heleneastwoodyoga.com/index.php/coursonline/"><strong>Vidéothèque Home Practice With Helen</strong></a> !)</em></p>



<p class="has-medium-font-size">Je propose un accompagnement en <strong>yoga</strong> ancré dans <strong>la tradition Aṣṭāṅga Vinyāsa</strong>, tout en étant nourri par des <strong>approches somatiques, méditatives et créatives</strong>. Mon enseignement s’adresse à une grande diversité de pratiquant·es, de tous niveaux, en favorisant l’écoute, l’autonomie et la qualité de présence. Ce que je partage est le fruit de ma propre expérience sur le tapis depuis plus de 15 ans, et la transmission est pour moi une extension vivante, empirique et authentique de mon chemin personnel.</p>



<hr class="wp-block-separator has-alpha-channel-opacity"/>



<p class="has-medium-font-size"><mark style="background-color:rgba(0, 0, 0, 0)" class="has-inline-color has-custom-color-1-color">★</mark><mark style="background-color:rgba(0, 0, 0, 0)" class="has-inline-color has-custom-color-3-color"><strong><span style="text-decoration: underline;">Aṣṭāṅga Libre</span> &#8211; Tous Niveaux</strong></mark> (lundi 12h et samedi 9h30)<br><strong>Pratique dynamique et en autonomie</strong> basée sur la tradition Aṣṭāṅga Mysore, où chacun·e évolue à son rythme dans un espace collectif. Cette approche individuelle permet d’intégrer ajustements, supports et variations adaptées à votre corps, votre respiration et votre énergie du jour. Un accompagnement bienveillant qui favorise indépendance, rigueur et connexion intérieure, tout en laissant une place subtile à la personnalisation et à l’exploration consciente.</p>



<p class="has-medium-font-size"><mark style="background-color:rgba(0, 0, 0, 0)" class="has-inline-color has-custom-color-1-color">★</mark><mark style="background-color:rgba(0, 0, 0, 0)" class="has-inline-color has-custom-color-3-color"><strong><span style="text-decoration: underline;">Aṣṭāṅga Play</span> &#8211; Tous Niveaux</strong></mark> (jeudi 19h)<br><strong>Pratique dynamique guidée et collective</strong>, basée sur la synchronisation souffle-mouvement et les outils traditionnels de la méthode Aṣṭāṅga Vinyāsa Yoga. Nous suivons le fil de la première série tout en ouvrant des espaces “hors piste” pour explorer de manière créative et joyeuse quelques extraits de la deuxième série. Focus sur la respiration, la fluidité, l’alignement et des variantes adaptées à toustes pour une pratique intelligente, consciente et vivante.</p>



<p class="has-medium-font-size"><mark style="background-color:rgba(0, 0, 0, 0)" class="has-inline-color has-custom-color-1-color">★</mark><mark style="background-color:rgba(0, 0, 0, 0)" class="has-inline-color has-custom-color-3-color"> <strong><span style="text-decoration: underline;">Slow Flow Yin</span> &#8211; Tous Niveaux</strong></mark> (lundi 19h &#8211; en binôme avec Maddalena DeVio )<br><strong>Pratique douce guidée et collective</strong>, un espace du soir pour déposer, délier et régénérer. Mêlant flow introspectif et postures de yin yoga, cette séance est une invitation à relâcher les tensions, combinant respiration, visualisation et lenteur pour apaiser le mental, restaurer l’énergie et s’ancrer avant la nuit.</p>



<p class="has-medium-font-size"><mark style="background-color:rgba(0, 0, 0, 0)" class="has-inline-color has-custom-color-1-color">★</mark><mark style="background-color:rgba(0, 0, 0, 0)" class="has-inline-color has-custom-color-3-color"> <strong><span style="text-decoration: underline;">Strong Flow Yoga</span> &#8211; Niveau Intermédiaire</strong></mark> (vendredi 12h30)<br><strong>Pratique dynamique guidée et collective</strong>, une séance progressive et puissante, inspirée du Vinyāsa Krama, pour renforcer le corps, stabiliser le mental et affiner la conscience corporelle. L’accent est mis sur l’activation du centre, l&rsquo;engagement musculaire précis et l’ancrage soutenu par le souffle. Travail complémentaire de prāṇāyāma selon les cycles lunaires.</p>



<p class="has-medium-font-size"><mark style="background-color:rgba(0, 0, 0, 0)" class="has-inline-color has-custom-color-1-color">★</mark><mark style="background-color:rgba(0, 0, 0, 0)" class="has-inline-color has-custom-color-3-color"> <strong><span style="text-decoration: underline;">Aṣṭāṅga Explore</span> &#8211; Niveau Intermédiaire à Avancé</strong></mark> (dimanche 10h)<br><strong>Pratique dynamique guidée et collective de la première série complète ou mix 1ʳᵉ/2ᵉ série Aṣṭāṅga Yoga</strong>, comptée en sanskrit. Un cours rythmé et précis, centré sur le souffle ujjāyī, les bandhas, le dr̥ṣṭi et l&rsquo;enchaînement traditionnel des Vinyāsa. Cours pour pratiquant·es confirmé·es.</p>



<hr class="wp-block-separator has-alpha-channel-opacity"/>



<p class="has-medium-font-size"><strong><mark style="background-color:rgba(0, 0, 0, 0)" class="has-inline-color has-custom-color-1-color">✦</mark></strong><mark style="background-color:rgba(0, 0, 0, 0)" class="has-inline-color has-custom-color-3-color"> <strong><span style="text-decoration: underline;">Cours Particuliers</span></strong></mark></p>



<p class="has-medium-font-size">Tu souhaites <strong>un accompagnement personnalisé</strong>, à ton rythme et selon tes besoins ? Je propose des cours particuliers, <strong>en présentiel ou en ligne</strong>, pour explorer <strong>une pratique sur mesure</strong> : postures, souffle, relaxation, approche thérapeutique, reprise après une pause, mais aussi initiation au sanskrit, chant de mantra ou rituels quotidiens. Tu peux <a href="https://heleneastwoodyoga.com/index.php/contact/" data-type="page" data-id="45">me contacter directement ici</a> pour poser tes questions ou évoquer ce que tu recherches.</p>



<p class="has-small-font-size"><em>Photo @ Alessandro Clemenza</em></p>
</div>
</div>



<div class="wp-block-column is-layout-flow wp-block-column-is-layout-flow" style="flex-basis:35%">
<div class="wp-block-group is-vertical is-content-justification-stretch is-nowrap is-layout-flex wp-container-core-group-is-layout-73b0033c wp-block-group-is-layout-flex">
<figure class="wp-block-image size-full"><img loading="lazy" decoding="async" width="1707" height="2560" src="http://heleneastwoodyoga.com/wp-content/uploads/2025/06/IMG_20210728_165651-scaled.jpg" alt="" class="wp-image-94" style="aspect-ratio:3/4;object-fit:cover" srcset="http://heleneastwoodyoga.com/wp-content/uploads/2025/06/IMG_20210728_165651-scaled.jpg 1707w, http://heleneastwoodyoga.com/wp-content/uploads/2025/06/IMG_20210728_165651-200x300.jpg 200w, http://heleneastwoodyoga.com/wp-content/uploads/2025/06/IMG_20210728_165651-683x1024.jpg 683w, http://heleneastwoodyoga.com/wp-content/uploads/2025/06/IMG_20210728_165651-768x1152.jpg 768w, http://heleneastwoodyoga.com/wp-content/uploads/2025/06/IMG_20210728_165651-1024x1536.jpg 1024w, http://heleneastwoodyoga.com/wp-content/uploads/2025/06/IMG_20210728_165651-1365x2048.jpg 1365w" sizes="auto, (max-width: 1707px) 100vw, 1707px" /></figure>



<p class="has-text-align-right has-x-large-font-size" style="line-height:1.2"><a href="https://www.momoyoga.com/heleneastwoodyoga/schedule" target="_blank" rel="noreferrer noopener">Momoyoga</a></p>
</div>
</div>
</div>
</div></div>
